{"id":385,"date":"2023-12-07T18:24:54","date_gmt":"2023-12-07T17:24:54","guid":{"rendered":"https:\/\/capriccidelpellegrino.com\/shop\/?post_type=product&#038;p=385"},"modified":"2024-11-30T21:28:00","modified_gmt":"2024-11-30T20:28:00","slug":"occhi-di-santa-lucia","status":"publish","type":"product","link":"https:\/\/capriccidelpellegrino.com\/shop\/product\/occhi-di-santa-lucia\/","title":{"rendered":"Occhi di Santa Lucia"},"content":{"rendered":"<p>Confezione da 250g<\/p>\n<p>Occhi di Santa Lucia, un&#8217;esperienza di gusto che vi far\u00e0 immergere in un mondo di fragranza e spezie. Ogni tarallo \u00e8 glassato con l&#8217;intenso aroma del limone, creando un sapore che vi sorprender\u00e0.<\/p>\n","protected":false},"excerpt":{"rendered":"<p>Confezione da 250g<\/p>\n","protected":false},"featured_media":386,"comment_status":"open","ping_status":"closed","template":"","meta":[],"product_brand":[],"product_cat":[61,49],"product_tag":[82,62,51],"class_list":{"0":"post-385","1":"product","2":"type-product","3":"status-publish","4":"has-post-thumbnail","6":"product_cat-specialita-dolci","7":"product_cat-taralli-dolci","8":"product_tag-limone","9":"product_tag-specialita-dolci","10":"product_tag-taralli-dolci","12":"first","13":"instock","14":"shipping-taxable","15":"purchasable","16":"product-type-simple"},"_links":{"self":[{"href":"https:\/\/capriccidelpellegrino.com\/shop\/wp-json\/wp\/v2\/product\/385","targetHints":{"allow":["GET"]}}],"collection":[{"href":"https:\/\/capriccidelpellegrino.com\/shop\/wp-json\/wp\/v2\/product"}],"about":[{"href":"https:\/\/capriccidelpellegrino.com\/shop\/wp-json\/wp\/v2\/types\/product"}],"replies":[{"embeddable":true,"href":"https:\/\/capriccidelpellegrino.com\/shop\/wp-json\/wp\/v2\/comments?post=385"}],"wp:featuredmedia":[{"embeddable":true,"href":"https:\/\/capriccidelpellegrino.com\/shop\/wp-json\/wp\/v2\/media\/386"}],"wp:attachment":[{"href":"https:\/\/capriccidelpellegrino.com\/shop\/wp-json\/wp\/v2\/media?parent=385"}],"wp:term":[{"taxonomy":"product_brand","embeddable":true,"href":"https:\/\/capriccidelpellegrino.com\/shop\/wp-json\/wp\/v2\/product_brand?post=385"},{"taxonomy":"product_cat","embeddable":true,"href":"https:\/\/capriccidelpellegrino.com\/shop\/wp-json\/wp\/v2\/product_cat?post=385"},{"taxonomy":"product_tag","embeddable":true,"href":"https:\/\/capriccidelpellegrino.com\/shop\/wp-json\/wp\/v2\/product_tag?post=385"}],"curies":[{"name":"wp","href":"https:\/\/api.w.org\/{rel}","templated":true}]}}